e greatest common factor of 31122 and 931?
133
Calculate the highest common divisor of 9894 and 20706.
102
Calculate the highest common divisor of 121 and 4818.
11
Calculate the highest common factor of 1047318 and 12.
6
Calculate the greatest common divisor of 1416 and 68145.
177
What is the greatest common divisor of 30 and 111096?
6
What is the greatest common divisor of 26 and 5954?
26
Calculate the highest common factor of 57535 and 370.
185
What is the highest common factor of 159 and 175218?
159
Calculate the highest common factor of 79786 and 9758.
574
Calculate the highest common divisor of 107424 and 18720.
288
Calculate the highest common divisor of 131635 and 70.
35
Calculate the highest common divisor of 76716 and 36.
36
What is the highest common divisor of 196516 and 4?
4
Calculate the greatest common factor of 9 and 424701.
9
Calculate the greatest common divisor of 408629 and 6579.
731
What is the greatest common divisor of 6408 and 3816?
72
Calculate the greatest common divisor of 28 and 620284.
28
What is the greatest common factor of 713 and 7967?
31
What is the highest common factor of 4104 and 703?
19
What is the highest common divisor of 28812 and 420?
84
What is the greatest common divisor of 585 and 655?
5
What is the highest common factor of 1373601 and 318?
159
What is the greatest common factor of 74998 and 8393?
77
What is the greatest common factor of 543 and 84527?
181
What is the highest common factor of 19072 and 16256?
128
Calculate the highest common factor of 208095 and 60.
15
What is the greatest common factor of 104 and 619762?
26
What is the greatest common divisor of 10752 and 1848?
168
What is the greatest common divisor of 6318 and 12402?
234
Calculate the highest common divisor of 507922 and 4122.
458
Calculate the greatest common divisor of 464661 and 9.
9
Calculate the greatest common divisor of 19 and 438881.
19
What is the highest common divisor of 21867963 and 39?
39
What is the greatest common divisor of 11134 and 266?
38
What is the highest common factor of 8569 and 59147?
209
What is the highest common factor of 192 and 110388?
12
What is the greatest common factor of 115 and 172707?
23
What is the highest common divisor of 10010 and 748?
22
Calculate the greatest common factor of 240 and 1240440.
120
Calculate the highest common divisor of 136 and 43112.
136
Calculate the highest common factor of 29674 and 1184.
74
What is the highest common divisor of 11 and 288497?
11
Calculate the highest common factor of 36 and 12834.
18
What is the highest common divisor of 980 and 520?
20
What is the greatest common divisor of 60 and 14265?
15
Calculate the greatest common factor of 66627 and 33.
33
What is the greatest common factor of 3074742 and 9?
9
Calculate the highest common divisor of 174 and 431491.
29
What is the highest common divisor of 5215 and 845873?
1043
Calculate the highest common factor of 39015 and 54315.
765
Calculate the highest common factor of 9910 and 2424977.
991
Calculate the greatest common factor of 2375 and 30115.
95
What is the greatest common divisor of 32592 and 16716?
84
Calculate the highest common divisor of 48111 and 632.
79
Calculate the greatest common factor of 1021587 and 42.
21
Calculate the highest common factor of 940 and 442505.
235
What is the highest common divisor of 2800 and 6020?
140
Calculate the greatest common factor of 48 and 2497236.
12
What is the highest common divisor of 127737 and 24624?
1539
What is the greatest common divisor of 211773 and 949?
73
What is the highest common divisor of 90 and 4738140?
90
What is the highest common divisor of 294299 and 453?
151
What is the greatest common factor of 1706600 and 477?
53
Calculate the greatest common factor of 141747 and 67681.
1277
What is the highest common factor of 2972967 and 3?
3
What is the greatest common factor of 13327 and 1?
1
Calculate the greatest common factor of 292642 and 28.
14
What is the greatest common factor of 2451 and 25413?
129
Calculate the highest common divisor of 34353 and 2805.
33
What is the greatest common divisor of 561 and 50082?
51
What is the highest common factor of 1864698 and 1254?
1254
Calculate the highest common divisor of 243 and 99.
9
What is the highest common factor of 199157 and 161?
161
What is the greatest common factor of 54 and 15201?
27
What is the greatest common divisor of 326128 and 352?
176
Calculate the greatest common divisor of 4104 and 32.
8
Calculate the highest common factor of 1808 and 424.
8
Calculate the greatest common factor of 1866 and 528.
6
Calculate the highest common factor of 375454 and 694.
694
Calculate the highest common divisor of 152793 and 27.
27
Calculate the highest common factor of 31512 and 24.
24
What is the highest common divisor of 16 and 18055984?
16
What is the greatest common divisor of 37613 and 899?
29
What is the greatest common factor of 1877364 and 3?
3
Calculate the greatest common factor of 192 and 5824.
64
Calculate the highest common divisor of 147926 and 37.
37
What is the highest common factor of 13 and 316667?
13
Calculate the greatest common divisor of 21 and 17779482.
21
What is the greatest common divisor of 1385264 and 16?
16
Calculate the highest common factor of 8076 and 372.
12
What is the greatest common factor of 755 and 10419?
151
What is the greatest common divisor of 678528 and 513?
171
What is the greatest common divisor of 52936 and 68?
4
Calculate the highest common divisor of 1369 and 7067.
37
Calculate the highest common factor of 15807 and 264.
33
What is the greatest common factor of 3472 and 415?
1
Calculate the greatest common divisor of 2106 and 6396.
78
Calculate the greatest common factor of 49479 and 6.
3
Calculate the greatest common divisor of 286 and 77.
11
Calculate the highest common factor of 6394556 and 7.
7
Calculate the highest common factor of 7800 and 6175.
325
Calculate the highest common divisor of 81 and 19152.
9
Calculate the highest common factor of 1169 and 98.
7
Calculate the greatest common divisor of 248728 and 16.
8
Calculate the greatest common divisor of 2873 and 10309.
169
Calculate the highest common factor of 1417 and 103332.
109
What is the greatest common factor of 28 and 706132?
28
What is the greatest common divisor of 646 and 1836?
34
Calculate the highest common factor of 189 and 169638.
21
What is the greatest common divisor of 7 and 26971?
7
What is the highest common factor of 6424 and 153592?
584
Calculate the greatest common factor of 30853 and 3.
1
Calculate the highest common factor of 308 and 20702.
22
Calculate the greatest common divisor of 53925 and 10.
5
Calculate the highest common divisor of 37820 and 4636.
244
What is the greatest common factor of 848244 and 156?
12
What is the greatest common factor of 21136 and 16?
16
Calculate the highest common factor of 1086 and 362.
362
What is the highest common factor of 2016740 and 220?
220
What is the highest common factor of 129623 and 59?
59
Calculate the highest common factor of 7271 and 22.
11
Calculate the highest common factor of 181 and 273491.
181
What is the greatest common factor of 2008 and 56?
8
Calculate the highest common factor of 10993499 and 682.
341
What is the highest common divisor of 222556 and 56?
4
What is the greatest common factor of 9888432 and 96?
48
Calculate the highest common divisor of 22440 and 85.
85
Calculate the highest common factor of 51 and 24524931.
51
What is the greatest common factor of 10 and 22635?
5
Calculate the greatest common divisor of 3288 and 96.
24
Calculate the greatest common factor of 116853 and 22.
11
What is the highest common factor of 2410 and 110?
10
Calculate the highest common factor of 3492 and 2448.
36
Calculate the greatest common factor of 128 and 1175.
1
Calculate the greatest common divisor of 756 and 2898.
126
What is the highest common divisor of 74 and 925?
37
Calculate the greatest common factor of 189 and 7686.
63
Calculate the highest common divisor of 14050566 and 18.
18
Calculate the highest common divisor of 28 and 272908.
4
Calculate the greatest common divisor of 23156 and 896.
28
Calculate the greatest common divisor of 10845 and 495.
45
What is the highest common divisor of 395824 and 19448?
1144
What